uppose 0 = z + 4 - 12. Suppose 0 = -i - i + z. Let n = i - -3. What is the units digit of n?
7
Let j be 120/65 - 4/(-26). Suppose -j*v + 0*v + 2*m = -76, v - 5*m = 26. What is the units digit of v?
1
Suppose -x - 170 = -3*x. Suppose 3*d - x = -1. What is the units digit of d?
8
Suppose -15*u + 13*u = 4*m - 286, 3*u - 3*m - 402 = 0. What is the units digit of u?
7
Let s = 19 - 14. Suppose -4*h + 5*w = -s - 10, -2*h + 3*w + 5 = 0. Let n = h + -8. What is the units digit of n?
2
Suppose -u = -4*v - 5*u + 336, -3*u + 341 = 4*v. What is the units digit of v?
9
Let i = 124 + -34. Suppose -2*k = -c - 4*k + 23, 3*c - k - i = 0. What is the tens digit of c?
2
Suppose 78*q + 15 = 73*q. What is the units digit of (q - 52/(-20)) + (-492)/(-5)?
8
What is the hundreds digit of 572 + 3 + -3*25/15?
5
Suppose -f - 4*n + 1404 = 0, 2763 = -30*f + 32*f - n. What is the tens digit of f?
8
What is the units digit of 2524/(1 + 3) + -8 + 4?
7
Suppose 2*l - 9 = -5*a, 3*a + l - 5*l - 21 = 0. Suppose -3*t = a*t - 654. What is the tens digit of t?
0
Suppose 0 = u + 2, -5*k = -5*u + 136 + 709. What is the hundreds digit of (0 + -3 + 2)*k?
1
Let z be (-1 + 5)*18/(-8). Let f = 4 - z. What is the units digit of f?
3
Let r be (298/3)/(20/30). Suppose -2*h + 231 = 21. Let x = r - h. What is the units digit of x?
4
Let t(n) = -n + 14. Let p be t(8). Let h = -4 + p. What is the tens digit of h/(-4)*(-51 + -7)?
2
Suppose q - 286 = 5*c, -3*q - 204 = 4*c + 21. Let s = c + 103. What is the units digit of s?
6
Let n(i) = 36*i**2 + 11*i - 20. What is the units digit of n(7)?
1
Let v = -5297 + 8114. What is the units digit of v?
7
Suppose 10*d = 9*d + 7. What is the tens digit of (-2)/d - 804/(-21)?
3
Suppose -10 = -3*q - 2*q. Let t(s) = 2 - 6*s**3 - 2*s + 2*s**3 + 6*s**q + 3*s**3. What is the tens digit of t(4)?
2
Let r(a) = -2*a**3 - a**2. Let y be r(1). Let x(j) = 0*j**2 - 489*j + 486*j - 4 - 3*j**2 - j**3. What is the units digit of x(y)?
5
Let m be (3 - 0 - 3)/(-1). Suppose -5*o = -20, m*z - 11 = -z - o. Suppose 5*x - 36 = -y - z, 3*y - 2*x - 2 = 0. What is the units digit of y?
4
Suppose -s + 5 = 2. Let v(c) = -3*c**2 - 12*c + 0*c**2 - 8 - 9*c**2 - c**s + 0*c**2. What is the units digit of v(-11)?
3
Suppose -4*s + 3*m + 39 = 0, 2*m + 7 = s - 9. Let o = 30 - s. What is the tens digit of o?
2
Suppose 0 = -4*b - 3*v + 331, 2*b - 167 = 2*v - 19. What is the units digit of b?
9
Let w = -1 + 3. Suppose -w*t - 10 = -t. What is the tens digit of 4/2 - 2 - t?
1
Let z = -1898 + 3697. What is the thousands digit of z?
1
Let n(a) = -348*a + 35. What is the units digit of n(-5)?
5
Suppose -7*l + 4951 - 1486 = 0. What is the units digit of l?
5
Suppose 16*q - 18*q - 70 = 0. What is the units digit of -6*29*(q/10)/7?
7
Let x be 18/14 - ((-19)/7 - -3). What is the tens digit of (((-1240)/25)/(-4))/(x/5)?
6
Suppose 2*h = 2*l + 980, -2*l = -10*h + 7*h + 1466. What is the units digit of h?
6
Suppose -839*k + 6894 = -833*k. What is the tens digit of k?
4
Let p = 3384 - 2410. What is the tens digit of p?
7
Let n = -42 - -41. Let j(v) = -17*v - 3. Let w be j(-3). What is the tens digit of (n + 3)/(6/w)?
1
Let q = -1618 - -1946. What is the units digit of q?
8
Let v(s) = -2*s**2 + 16*s - 8. Let l be v(7). What is the tens digit of -3 + (-56 + l)*2/(-2)?
4
Suppose 2*x = 5*s + 6*x - 311, 2*x = s - 51. What is the units digit of s?
9
Suppose 3205*h + 6993 = 3212*h. What is the units digit of h?
9
Suppose 8*v + 90 - 626 = 0. What is the units digit of v?
7
Suppose -21 = 2*h + 5*d, 4*d + 10 = 4*h - 18. Let u(s) = 3 + h + s - 7. What is the tens digit of u(13)?
1
Let t(p) = -p**2 - 2*p - 16. Let d be t(-6). Let z = 7 + -5. What is the tens digit of d/((-8)/z) - -3?
1
Suppose -2 = 2*d - 0. Let u be 126/45 + d/(-5). What is the units digit of ((-14)/(-4))/(u/6)?
7
What is the units digit of -2 - ((-15519)/14 + (-1)/2)?
7
Let f = -14 - -19. Suppose -f*d = 3*a - 8, -16 = -2*d - a + 3*a. Suppose l + d*l - 330 = 0. What is the tens digit of l?
6
Let b(y) = 2*y**2 - 33 + 10 - 4*y**2 + 3*y**2 - 4*y. What is the units digit of b(8)?
9
Suppose -183 + 498 = -5*z. Let s = z + 119. What is the units digit of s?
6
Let s be 2398/6 - 42/63. Suppose -2*i + 4*i = 3*j - 399, 3*j - 3*i - s = 0. What is the tens digit of j?
3
Let o be (0 + -2)*(-35)/14. Let a be 44*(4 + -5 + o). Suppose 3*k = -2*q + 88, -2*k - 3*k + a = 4*q. What is the tens digit of q?
4
What is the hundreds digit of ((-23)/((-1495)/(-26)))/(4/(-2330))?
2
Suppose 0 = -2*j + x - 7, 10 = -5*j + 3*x + x. What is the units digit of (-201)/j + (-6)/(-4)?
5
Suppose -5*d + 813 + 192 = 0. What is the units digit of d?
1
Suppose 2*i - 822 = 2*t, 3*i - 2*t - 550 = 688. What is the tens digit of i?
1
Let v = 21 + -13. Suppose 2 = 2*u - v. What is the tens digit of (u/5)/(1/14)?
1
Suppose -2*c - 312 = -4*c. Let x be (-8)/12*-1*c. Suppose 0*f + 124 = 5*f - 3*m, -4*m - x = -4*f. What is the units digit of f?
3
Let f(z) = z**2 + 2*z + 26. Let r be 0*2/8 - 0. What is the units digit of f(r)?
6
Let s(r) be the first derivative of 2*r**2 + 7*r - 3. Let o be s(7). Let x = o - 0. What is the units digit of x?
5
Suppose 15*m = -26*m + 53792. What is the units digit of m?
2
Suppose -28 = -2*h + v + 24, -3*v = -12. Let i(l) = l**2 - l + 2. Let n be i(4). Suppose 3*t - t - n = -4*z, -3*t = -z - h. What is the units digit of t?
9
Suppose -2*i = -0*i + 2*b + 26, -3*b + 33 = -5*i. What is the tens digit of -3*(-6)/i - -42?
4
Suppose -4*f - 4 = 0, -8*b - f = -10*b + 995. What is the tens digit of b?
9
Suppose -6*v = -2*v. Suppose -m + 16 + 13 = v. What is the units digit of m?
9
Suppose 3*n = -5*b - 2*n - 150, -5*b = n + 154. Let p = b - -66. What is the units digit of p?
5
Let v(x) = -x**3 - 4*x**2 + 11*x + 20. What is the units digit of v(-6)?
6
Suppose 2*s + 10 = -2. Let v = s + 8. What is the tens digit of (-567)/(-7) + v + -6?
7
Let x = -9 - -15. Suppose -3*d = 12, 2*d = p + 2*p - 14. Suppose p*q + 2 = 0, x*q - 3*q = 3*s - 27. What is the units digit of s?
8
Suppose 4*j - 4*d = 492, -2*d + 527 = 4*j + d. Let z = j - 72. What is the units digit of z?
6
Let j = -20 - -36. Suppose -3*n - 15 = -45. Let w = j - n. What is the units digit of w?
6
Suppose -25*x + 28520 = 15*x. What is the hundreds digit of x?
7
Suppose -11*m + 3*m = -8. What is the tens digit of m*(9/(-27) - (-43)/3)?
1
Let z = -17 - -22. Suppose -2*k - z*b = -41, 5*k - k + 3*b = 47. Let f(v) = 5*v - 3. What is the units digit of f(k)?
7
Let q(h) = -24*h - 2. Let n be (3 - 1)*3/(-6). What is the units digit of q(n)?
2
Let q(v) = 5*v + 4. Let a(x) be the first derivative of x**3/3 - 2*x**2 - 5*x + 3. Let t(y) = 2*a(y) + 3*q(y). What is the units digit of t(-5)?
7
Suppose 5 = 5*y - 10. Suppose 4*h + 3*s = 16, y*h - 2*s = -0*s - 5. What is the tens digit of (-3)/6*(-49 - h)?
2
Let t(l) = 2*l + 2. Let k be t(1). Suppose d = -k*d - 890. What is the tens digit of (-3)/(-15) - d/10?
1
Suppose 0 = 3*i + 1 - 4. What is the tens digit of 20/i*91/28?
6
Suppose 2*m - 48 + 4 = 0. Suppose 2*c - s = 3 + 13, c + 3*s = m. What is the units digit of c?
0
Let q(d) = d**3 + 7*d**2 + d + 9. Let y be q(-7). Let b(a) = a**y + 5 + 2*a + a**2 - 8. What is the tens digit of b(3)?
2
Suppose 3*o = -9, 5*v - 5*o + 795 - 8495 = 0. What is the tens digit of v?
3
Let k = 91 - 135. Let b = 84 + k. What is the tens digit of b?
4
What is the hundreds digit of 1205*((-427)/(-595) + (-6)/51)?
7
Let b(i) = -34*i - 46. Let w(k) = 7*k + 9. Let v(a) = -3*a + 4. Let q be v(5). Let y(l) = q*w(l) - 2*b(l). What is the units digit of y(-3)?
0
Suppose -5*i = c - 9*i - 601, -4*c + 2461 = 3*i. What is the units digit of c?
3
Suppose 15 = 3*g - 0*g. Suppose 0 = 5*k - 0*n + 2*n - 29, -2*n - 16 = -4*k. Suppose g*p = k, x - 3 = p + p. What is the units digit of x?
5
Let u be (-1)/4 + (-1874)/(-8). Suppose 2*p - 6 = u. Suppose -4*l + p = -32. What is the units digit of l?
8
Let o(x) = x**2 + 8*x - 3 - 1 - 2*x. Let u be o(-7). Suppose -5*r + 131 = -2*b, 2*r = -u*r - b + 122. What is the tens digit of r?
2
Let b be 3 - (0/(-5))/1. Suppose b*v - 361 - 428 = 0. What is the units digit of v?
3
What is the units digit of -1303*2/(-8 + 6)?
3
Let p(t) = -93*t**3 - t**2 - 7*t - 21. What is the hundreds digit of p(-3)?
5
Suppose -2*t - 4*i = -11042, t = 3*i + 489 + 5007. What is t